- q*u = 3. What is v(a)?
6
Let v(f) be the first derivative of f**5/20 + f**4/12 + f**3/3 - f**2 - 15*f - 10. Let a(d) be the first derivative of v(d). Calculate a(2).
14
Let w(f) = -5*f + 3. Let x(a) = 6*a - 2. Let i = -44 - -48. Let s(q) = i*x(q) + 5*w(q). What is s(5)?
2
Let z(s) = s**3 - 2*s**2 + 2*s - 2. Let v = 33 + -30. Suppose 0 = v*g - 5*g + 4. What is z(g)?
2
Let z(b) be the second derivative of b**6/720 + b**5/8 - b**4/6 - 2*b - 10. Let r(m) be the third derivative of z(m). Determine r(-11).
4
Let a(u) = u**2 - 13*u + 5. Let f(l) = 11*l + 638. Let q be f(-57). Give a(q).
-17
Let w be 3 - ((-6)/6)/(2/8). Let b(v) = 6*v + 2 - 8 - w*v + 0*v. Calculate b(-6).
0
Let g(d) = 172*d**2 - 49 + 0*d**3 - 81*d**2 - 91*d**2 + d**3. What is g(0)?
-49
Let z(f) = -1425*f + 1429*f + 33 + 0 + 24. Calculate z(-13).
5
Suppose -1185*b + 1200*b + 105 = 0. Let p(o) = -o**3 - 8*o**2 - 6*o + 1. Determine p(b).
-6
Let z(d) = -d + 4. Let a(r) = -3*r + 11. Let k(u) = -3*a(u) + 8*z(u). Let i = 68 + -41. Let t = i + -32. What is k(t)?
-6
Let v(t) be the first derivative of -t**4/12 - t**3/2 - t**2/2 + 6*t - 4. Let h(j) be the first derivative of v(j). What is h(-2)?
1
Let j(i) be the third derivative of i**5/40 - i**4/8 - 15*i**3/2 + 33*i**2. Let y(p) be the first derivative of j(p). Determine y(5).
12
Let z(c) = -2*c**3 - 2*c**2 - 2. Let q = -1613 - -1611. Calculate z(q).
6
Let a be 2/(-7)*14/(-24). Let r(b) be the second derivative of 2*b**2 + a*b**4 - b**3 - 4*b + 0. What is r(4)?
12
Let k(z) = 11*z**2 - 8*z + 6. Let d(r) = 2*r**2 - 2*r. Let c(f) = 5*d(f) - k(f). What is c(-4)?
-14
Let y(z) be the second derivative of -z**4/8 - z**3/2 - 31*z**2/2 - 6*z. Let l(u) be the first derivative of y(u). What is l(-2)?
3
Let q(i) = -21*i - 188. Let u(x) = 7*x + 64. Let h(l) = 4*q(l) + 11*u(l). Determine h(-8).
8
Let m(i) = -8*i + 2. Let b(g) = -5*g + 1. Let v(l) = 3*b(l) - 2*m(l). Give v(-2).
-3
Let p(d) be the first derivative of 2*d**3 + 11*d**2/2 + 2*d - 16. Let i(y) = -5*y**2 - 10*y - 1. Let g(v) = 4*i(v) + 3*p(v). Determine g(-5).
-13
Let d(o) = -13 + o**2 + 15*o - 18 - 16 + 40. Calculate d(-16).
9
Let u(x) = -11*x - 37. Let i(p) be the second derivative of 2*p**3/3 + 13*p**2/2 + p + 11. Let c(h) = 17*i(h) + 6*u(h). Determine c(-6).
-13
Suppose 3*k + a = -102, -3*k - 12 = -a + 96. Let w be -3 + k/(-11) + (-212)/(-44). Let l(n) = -n**2 + 5*n - 7. What is l(w)?
-7
Let w be -6 + (-430)/(-60) + 3/6. Let q(o) be the first derivative of 7/2*o**2 + 2*o - 1/4*o**4 + 13 - w*o**3. Calculate q(-6).
-4
Let h(i) = -i**2 - 2*i - 6. Suppose -u - 4*a - 24 = -65, 5*u + 3*a - 120 = 0. Suppose 6*g - g - 3*b + 31 = 0, -u = 5*g + 2*b. Calculate h(g).
-21
Let r be 4 + -7 + 4 - -52. Suppose 37 = -4*f + r. Let q(l) = -l**2 + 6*l - 6. Calculate q(f).
2
Let n(y) = -y**2 - 5*y + 16. Let o be n(-6). Let z be (-2)/12 + o/(-12). Let x(t) = 2*t**3 + t**2 - t - 1. Give x(z).
-1
Suppose 0 = -5*p - 0 - 5. Suppose -j - s = -7, 3 = -2*j + j + s. Let l(n) = -2*n + 8*n**j + 0*n**2 - 8*n**2 + n**2 - 1. Give l(p).
2
Let b(d) be the first derivative of d**2 - 9*d - 16. Suppose -3*y - 4*s + 14 = 0, -3*s = -4*y - 3 + 30. Determine b(y).
3
Let p(c) be the second derivative of 5*c**3/6 + 19*c**2/2 + 118*c. Give p(-5).
-6
Let a(c) = 7 + 13 - 3*c - 19 + 3. Calculate a(5).
-11
Let p = 20/31 - -2/93. Let z(l) be the third derivative of -p*l**3 + 0 + 3*l**2 + 1/120*l**6 + 1/12*l**5 + 0*l - 1/24*l**4. Determine z(-5).
1
Let h(o) = 119*o - 354*o + 121*o + 113*o + 24. Give h(0).
24
Let g(x) = -16*x**3 + x - 1. Let k(s) = s**3 + 12*s**2 + 10*s - 10. Let q be k(-11). Determine g(q).
-16
Let k(u) = u + 1. Let g(y) = -2*y**3 - 3*y**2 + 7*y - 12. Let v(t) = g(t) + 2*k(t). Let a(m) = -m**3 - m**2 + 4*m - 4. Let b(r) = 5*a(r) - 2*v(r). Give b(2).
0
Let t(k) = -2*k**2 - 6*k. Let r be 15/(-2)*40/(-12). Let b = 14 - r. Let f = 7 + b. Give t(f).
-8
Suppose 2*b - 4*j = -0*b + 10, -3*b - 3*j - 12 = 0. Let o(c) = -8*c - c - 1 + 2*c. Determine o(b).
6
Let j(q) = 6*q**3 + 7*q**2 - 11*q + 6. Let w(u) = -u**3 - u**2 + 2*u - 1. Let f(t) = j(t) + 5*w(t). Calculate f(-3).
-5
Let u(q) = 40*q - 25. Let v(y) = -20*y + 10. Let o(g) = 4*u(g) + 10*v(g). Calculate o(1).
-40
Let m(d) = 2 - 3*d**2 + 4*d**2 - 2. Let u(w) = -4*w - 18. Let g(r) = -2*r - 9. Let a(k) = -5*g(k) + 3*u(k). Let f be a(-4). Determine m(f).
1
Let i(r) = r - 1. Let m(d) = -3*d - 23. Let g(n) = -4*i(n) + m(n). Let f(q) = -3*q - 9. Let s(j) = -9*f(j) + 4*g(j). Calculate s(7).
-2
Suppose 3*n + c = -0 + 19, 2*c - 3 = n. Suppose n*r - r + 20 = 0, -2*b + 2 = -2*r. Let k(h) = h. Determine k(b).
-4
Suppose -6*d + 4*d - 6 = 0. Let i(k) = -k**2 - 11*k + 3. Let c be i(-11). Let s(g) = 2*g - 2*g - 3*g - 3 - c*g**2 - g**3. What is s(d)?
6
Let v = 134 - 121. Let x(k) = -2*k**2 + 27*k - 14. Let a be x(v). Let o(q) = 7*q**3 - q**2. What is o(a)?
-8
Let v be 2/17 - 8358/238. Suppose 0 = 3*m + 101 + 4. Let t = v - m. Let o(n) = -n + 5. What is o(t)?
5
Suppose 7*o = 6*o. Let g(u) = 5*u**2 + 11*u - 11. Let z(x) = -3*x**2 - 5*x + 7 + 0*x**2 - 2*x. Let s(j) = 5*g(j) + 8*z(j). Give s(o).
1
Let c(n) = 4*n**2 + 2*n**2 - 76*n + 1 + 75*n. Let a(j) = j**2 - j - 1. Let t be a(2). Determine c(t).
6
Let q(t) = -1 - 2*t + 2*t**2 - t**2 + 6*t. Suppose 4*k = -3*p + p + 76, -3*k = -4*p - 57. Suppose 0 = -2*b + 3*x - k, 0 = -2*b - 3*x - 0*x - 1. Give q(b).
4
Suppose h + 5 = 2*h. Let z(q) = q**2. Let p(s) = -3*s**3 + 3*s**2 + 2. Let g(l) = h*z(l) - p(l). Suppose 0 = -t - v + 1, 7 - 24 = 4*t - 3*v. Determine g(t).
-18
Let r(i) = -3*i + 3. Let p(b) = -6*b - 141. Let q be p(-24). Determine r(q).
-6
Let r(s) be the second derivative of 0 - 2*s - 2*s**2 + 0*s**3 + 1/12*s**4. Calculate r(3).
5
Let y(w) = 0*w - 3 - w**2 + 2*w**3 + 4*w - w**3. Suppose 34 = 3*h + 4*j, -3*h = 3*j - 0*j - 30. Suppose 16*b - h = 13*b. Give y(b).
9
Suppose 21*c - 7*c = 2072. Let y = c - 153. Let x(g) = -2*g - 1. Give x(y).
9
Suppose 0 = -152*i + 151*i + 1. Let p(j) = 5*j - 2*j - j. Let w(z) = -3*z. Let y(m) = -4*p(m) - 3*w(m). What is y(i)?
1
Let q = -1 - 1. Let a(o) be the second derivative of o**7/2520 - o**6/240 - o**5/40 - 7*o**4/12 + 2*o. Let b(k) be the third derivative of a(k). Give b(q).
7
Suppose 4*r = -8, -4*a + 4 = -0*r - 2*r. Let b(k) = -3*k**2 - k + 1. Let t(u) = 5*u**2 + 2*u - 1. Let o(w) = -7*b(w) - 4*t(w). Give o(a).
-3
Suppose 28*w + 28*w = 112. Let v(n) = 6*n + 2. Let y = 13 + -7. Let h(q) = -7*q - 3. Let d(x) = y*v(x) + 4*h(x). Calculate d(w).
16
Let i be (-12)/3 - (-1 + 0). Let h(p) be the second derivative of -p**3 - 37*p. Calculate h(i).
18
Let y(w) = 2*w + 2. Suppose 5*o + x - 49 = 0, 4*o - 3*x - 2*x - 45 = 0. Suppose -5*p + o = -5. Suppose -s = -2*s - 4, p*m + 2 = -2*s. Determine y(m).
6
Let m(n) = -21*n + 18*n + 0 - 1. Let h(t) = t**2 + 31*t + 170. Let p be h(-24). Determine m(p).
-7
Let x(c) = -1072 + 537 + 531 + 10*c. Determine x(2).
16
Suppose -3*s - 8 = 16. Let x(z) be the second derivative of z**4/12 + z**3 - 5*z**2 - 111*z. Give x(s).
6
Let c = -34 - -32. Let j(u) = -u**2 - 4*u. Let s be j(-3). Let k(v) = v - 3*v + 1 + s*v. What is k(c)?
-1
Let a(s) be the first derivative of -s**3/3 + 11*s**2/2 - 9*s + 316. Calculate a(6).
21
Let g(l) = -l + l - 4 + 3*l - 4*l. Let r be g(4). Let d be r*(2 + -1 + 0). Let n(h) = -h - 4. Calculate n(d).
4
Let n = 18 - 12. Suppose 0*u = -n*u. Let w(z) = 8 + 2*z + z**2 - 12 + u*z. Calculate w(-3).
-1
Let t(z) = z + 19. Suppose p = -4*d + 4*p - 6, 2*d = -4*p + 8. Give t(d).
19
Let d(r) = -1 - 639*r**2 + 638*r**2 + 3*r + 0. Suppose 101 = 3*a + 20. Suppose -5*f + 11 + 12 = j, 5*j - a = -3*f. What is d(j)?
-1
Let k(b) be the third derivative of -1/6*b**3 + 0*b - 12*b**2 + 0 + 5/12*b**4. Let f(i) = -19*i + 3. Let d(w) = -6*f(w) - 11*k(w). Determine d(5).
13
Let n(u) be the first derivative of u**3/3 - 9*u**2/2 + 15*u - 71. Give n(8).
7
Suppose -4 + 2 = -t. Let p(q) = 34 - q**2 + q**3 + 10 - 46 - q**2. Calculate p(t).
-2
Let d(x) = -x - 1. Let m(n) = -4*n - 10. Suppose 3*c - 6 = 3. Let q(h) = c*d(h) - m(h). Calculate q(-4).
3
Let v(k) = 2*k**2 + 2*k + 4. Let w(c) = 7*c + 1. Let o(y) = -y. Let g(l) = -6*o(l) - w(l). Let a(j) = 5*g(j) + v(j). What is a(-3)?
26
Let n(r) = -9*r - 5. Let k be n(-1). Suppose -5*h + 3 = -3*l - 2*h, l + k*h = -6. Let a(m) = -m**3 - m**2 - 2. Give a(l).
2
L